{"id":1299,"date":"2020-12-03T18:19:55","date_gmt":"2020-12-03T17:19:55","guid":{"rendered":"http:\/\/frechen46.de\/?page_id=1299"},"modified":"2023-01-04T21:44:50","modified_gmt":"2023-01-04T20:44:50","slug":"aktuelle-vereinsschiedsrichter","status":"publish","type":"page","link":"http:\/\/frechen46.de\/?page_id=1299","title":{"rendered":"Aktuelle Vereinsschiedsrichter"},"content":{"rendered":"\n<p>Aktuell sind f\u00fcr die Sportgesellschaft 1946 Frechen e.V. Andreas Mahrt (seit 2009) und Walid Mohammad-Hasan (seit 2016) als Schiedsrichter aktiv, die beide in den Kreisligen des Fu\u00dfballkreises Rhein-Erft Spiele leiten. Dar\u00fcber hinaus ist Andreas Mahrt auch noch als Futsal-Schiedsrichter in der h\u00f6chsten Spielklasse des FV Mittelrhein sowie in Gremien des Kreisverbandes aktiv.<\/p>\n\n\n<div class=\"wp-block-image\">\n<figure class=\"aligncenter size-large\"><a href=\"http:\/\/frechen46.de\/wp-content\/uploads\/2021\/09\/Andreas-Mahrt-Schiedsrichter-scaled.jpg\"><img loading=\"lazy\" width=\"1024\" height=\"689\" src=\"http:\/\/frechen46.de\/wp-content\/uploads\/2021\/09\/Andreas-Mahrt-Schiedsrichter-1024x689.jpg\" alt=\"\" class=\"wp-image-1408\" srcset=\"http:\/\/frechen46.de\/wp-content\/uploads\/2021\/09\/Andreas-Mahrt-Schiedsrichter-1024x689.jpg 1024w, http:\/\/frechen46.de\/wp-content\/uploads\/2021\/09\/Andreas-Mahrt-Schiedsrichter-300x202.jpg 300w, http:\/\/frechen46.de\/wp-content\/uploads\/2021\/09\/Andreas-Mahrt-Schiedsrichter-768x517.jpg 768w, http:\/\/frechen46.de\/wp-content\/uploads\/2021\/09\/Andreas-Mahrt-Schiedsrichter-1536x1034.jpg 1536w, http:\/\/frechen46.de\/wp-content\/uploads\/2021\/09\/Andreas-Mahrt-Schiedsrichter-2048x1379.jpg 2048w, http:\/\/frechen46.de\/wp-content\/uploads\/2021\/09\/Andreas-Mahrt-Schiedsrichter-128x86.jpg 128w, http:\/\/frechen46.de\/wp-content\/uploads\/2021\/09\/Andreas-Mahrt-Schiedsrichter-32x22.jpg 32w, http:\/\/frechen46.de\/wp-content\/uploads\/2021\/09\/Andreas-Mahrt-Schiedsrichter-1x1.jpg 1w\" sizes=\"(max-width: 1024px) 100vw, 1024px\" \/><\/a><figcaption>Andreas Mahrt<\/figcaption><\/figure><\/div>\n\n\n<figure class=\"wp-container-2 wp-block-gallery-1 wp-block-gallery aligncenter has-nested-images columns-default is-cropped\"><div class=\"wp-block-image\">\n<figure class=\"aligncenter size-large is-resized\"><img loading=\"lazy\" data-id=\"1302\"  src=\"http:\/\/frechen46.de\/wp-content\/uploads\/2020\/12\/PC013205-1024x768.jpg\" alt=\"\" class=\"wp-image-1302\" width=\"267\" height=\"200\" srcset=\"http:\/\/frechen46.de\/wp-content\/uploads\/2020\/12\/PC013205-1024x768.jpg 1024w, http:\/\/frechen46.de\/wp-content\/uploads\/2020\/12\/PC013205-300x225.jpg 300w, http:\/\/frechen46.de\/wp-content\/uploads\/2020\/12\/PC013205-768x576.jpg 768w, http:\/\/frechen46.de\/wp-content\/uploads\/2020\/12\/PC013205-1536x1152.jpg 1536w, http:\/\/frechen46.de\/wp-content\/uploads\/2020\/12\/PC013205-2048x1536.jpg 2048w, http:\/\/frechen46.de\/wp-content\/uploads\/2020\/12\/PC013205-128x96.jpg 128w, http:\/\/frechen46.de\/wp-content\/uploads\/2020\/12\/PC013205-32x24.jpg 32w, http:\/\/frechen46.de\/wp-content\/uploads\/2020\/12\/PC013205-1x1.jpg 1w\" sizes=\"(max-width: 267px) 100vw, 267px\" \/><figcaption>Walid Mohammad-Hasan<\/figcaption><\/figure><\/div><\/figure>\n","protected":false},"excerpt":{"rendered":"<p>Aktuell sind f\u00fcr die Sportgesellschaft 1946 Frechen e.V. Andreas Mahrt (seit 2009) und Walid Mohammad-Hasan (seit 2016) als Schiedsrichter aktiv, die beide in den Kreisligen des Fu\u00dfballkreises Rhein-Erft Spiele leiten. Dar\u00fcber hinaus ist Andreas Mahrt auch noch als Futsal-Schiedsrichter in der h\u00f6chsten Spielklasse des FV Mittelrhein sowie in Gremien des Kreisverbandes aktiv.<\/p>\n","protected":false},"author":1,"featured_media":1302,"parent":2,"menu_order":1,"comment_status":"closed","ping_status":"closed","template":"","meta":[],"_links":{"self":[{"href":"http:\/\/frechen46.de\/index.php?rest_route=\/wp\/v2\/pages\/1299"}],"collection":[{"href":"http:\/\/frechen46.de\/index.php?rest_route=\/wp\/v2\/pages"}],"about":[{"href":"http:\/\/frechen46.de\/index.php?rest_route=\/wp\/v2\/types\/page"}],"author":[{"embeddable":true,"href":"http:\/\/frechen46.de\/index.php?rest_route=\/wp\/v2\/users\/1"}],"replies":[{"embeddable":true,"href":"http:\/\/frechen46.de\/index.php?rest_route=%2Fwp%2Fv2%2Fcomments&post=1299"}],"version-history":[{"count":4,"href":"http:\/\/frechen46.de\/index.php?rest_route=\/wp\/v2\/pages\/1299\/revisions"}],"predecessor-version":[{"id":1589,"href":"http:\/\/frechen46.de\/index.php?rest_route=\/wp\/v2\/pages\/1299\/revisions\/1589"}],"up":[{"embeddable":true,"href":"http:\/\/frechen46.de\/index.php?rest_route=\/wp\/v2\/pages\/2"}],"wp:featuredmedia":[{"embeddable":true,"href":"http:\/\/frechen46.de\/index.php?rest_route=\/wp\/v2\/media\/1302"}],"wp:attachment":[{"href":"http:\/\/frechen46.de\/index.php?rest_route=%2Fwp%2Fv2%2Fmedia&parent=1299"}],"curies":[{"name":"wp","href":"https:\/\/api.w.org\/{rel}","templated":true}]}}

<p>Aktuell sind für die Sportgesellschaft 1946 Frechen e.V. Andreas Mahrt (seit 2009) und Walid Mohammad-Hasan (seit 2016) als Schiedsrichter aktiv, die beide in den Kreisligen des Fußballkreises Rhein-Erft Spiele leiten. Darüber hinaus ist Andreas Mahrt auch noch als Futsal-Schiedsrichter in der höchsten Spielklasse des FV Mittelrhein sowie in Gremien des Kreisverbandes aktiv.</p>


<div class="wp-block-image">
<figure class="aligncenter size-large"><a href="http://frechen46.de/wp-content/uploads/2021/09/Andreas-Mahrt-Schiedsrichter-scaled.jpg"><img loading="lazy" width="1024" height="689" src="http://frechen46.de/wp-content/uploads/2021/09/Andreas-Mahrt-Schiedsrichter-1024x689.jpg" alt="" class="wp-image-1408" srcset="http://frechen46.de/wp-content/uploads/2021/09/Andreas-Mahrt-Schiedsrichter-1024x689.jpg 1024w, http://frechen46.de/wp-content/uploads/2021/09/Andreas-Mahrt-Schiedsrichter-300x202.jpg 300w, http://frechen46.de/wp-content/uploads/2021/09/Andreas-Mahrt-Schiedsrichter-768x517.jpg 768w, http://frechen46.de/wp-content/uploads/2021/09/Andreas-Mahrt-Schiedsrichter-1536x1034.jpg 1536w, http://frechen46.de/wp-content/uploads/2021/09/Andreas-Mahrt-Schiedsrichter-2048x1379.jpg 2048w, http://frechen46.de/wp-content/uploads/2021/09/Andreas-Mahrt-Schiedsrichter-128x86.jpg 128w, http://frechen46.de/wp-content/uploads/2021/09/Andreas-Mahrt-Schiedsrichter-32x22.jpg 32w, http://frechen46.de/wp-content/uploads/2021/09/Andreas-Mahrt-Schiedsrichter-1x1.jpg 1w" sizes="(max-width: 1024px) 100vw, 1024px" /></a><figcaption>Andreas Mahrt</figcaption></figure></div>


<figure class="wp-container-2 wp-block-gallery-1 wp-block-gallery aligncenter has-nested-images columns-default is-cropped"><div class="wp-block-image">
<figure class="aligncenter size-large is-resized"><img loading="lazy" data-id="1302"  src="http://frechen46.de/wp-content/uploads/2020/12/PC013205-1024x768.jpg" alt="" class="wp-image-1302" width="267" height="200" srcset="http://frechen46.de/wp-content/uploads/2020/12/PC013205-1024x768.jpg 1024w, http://frechen46.de/wp-content/uploads/2020/12/PC013205-300x225.jpg 300w, http://frechen46.de/wp-content/uploads/2020/12/PC013205-768x576.jpg 768w, http://frechen46.de/wp-content/uploads/2020/12/PC013205-1536x1152.jpg 1536w, http://frechen46.de/wp-content/uploads/2020/12/PC013205-2048x1536.jpg 2048w, http://frechen46.de/wp-content/uploads/2020/12/PC013205-128x96.jpg 128w, http://frechen46.de/wp-content/uploads/2020/12/PC013205-32x24.jpg 32w, http://frechen46.de/wp-content/uploads/2020/12/PC013205-1x1.jpg 1w" sizes="(max-width: 267px) 100vw, 267px" /><figcaption>Walid Mohammad-Hasan</figcaption></figure></div></figure>

<p>Aktuell sind für die Sportgesellschaft 1946 Frechen e.V. Andreas Mahrt (seit 2009) und Walid Mohammad-Hasan (seit 2016) als Schiedsrichter aktiv, die beide in den Kreisligen des Fußballkreises Rhein-Erft Spiele leiten. Darüber hinaus ist Andreas Mahrt auch noch als Futsal-Schiedsrichter in der höchsten Spielklasse des FV Mittelrhein sowie in Gremien des Kreisverbandes aktiv.</p>
