{"id":106,"date":"2018-01-24T15:52:29","date_gmt":"2018-01-24T14:52:29","guid":{"rendered":"http:\/\/frechen46.de\/?page_id=106"},"modified":"2025-07-06T18:22:59","modified_gmt":"2025-07-06T16:22:59","slug":"vorstand","status":"publish","type":"page","link":"http:\/\/frechen46.de\/?page_id=106","title":{"rendered":"Vorstand"},"content":{"rendered":"<p><strong>1. Vorsitzender<\/strong><\/p>\n<p>G\u00fcnther Vianden<\/p>\n<p><strong>2. Vorsitzender<\/strong><\/p>\n<p>Marcell Kammilla<\/p>\n<p><strong>Gesch\u00e4ftsf\u00fchrer und Kassierer<\/strong><\/p>\n<p>Bernd Kaule<\/p>\n<p><strong>Sportlicher Leiter<\/strong><\/p>\n<p>Sascha Raffel<\/p>\n<p><strong>Schriftf\u00fchrer<\/strong><\/p>\n<p>Karl-Heinz van Nahmen<\/p>\n<p><strong>Beisitzer<\/strong><\/p>\n<p>Pascal K\u00f6nen<\/p>\n<p>Peter Metzger<\/p>\n<p>Markus P\u00fctz<\/p>\n<p>Peter Stahlschmidt<\/p>\n<p>Gerd Tempel<\/p>\n","protected":false},"excerpt":{"rendered":"<p>1. Vorsitzender G\u00fcnther Vianden 2. Vorsitzender Marcell Kammilla Gesch\u00e4ftsf\u00fchrer und Kassierer Bernd Kaule Sportlicher Leiter Sascha Raffel Schriftf\u00fchrer Karl-Heinz van Nahmen Beisitzer Pascal K\u00f6nen Peter Metzger Markus P\u00fctz Peter Stahlschmidt Gerd Tempel<\/p>\n","protected":false},"author":1,"featured_media":0,"parent":2,"menu_order":0,"comment_status":"closed","ping_status":"closed","template":"","meta":[],"_links":{"self":[{"href":"http:\/\/frechen46.de\/index.php?rest_route=\/wp\/v2\/pages\/106"}],"collection":[{"href":"http:\/\/frechen46.de\/index.php?rest_route=\/wp\/v2\/pages"}],"about":[{"href":"http:\/\/frechen46.de\/index.php?rest_route=\/wp\/v2\/types\/page"}],"author":[{"embeddable":true,"href":"http:\/\/frechen46.de\/index.php?rest_route=\/wp\/v2\/users\/1"}],"replies":[{"embeddable":true,"href":"http:\/\/frechen46.de\/index.php?rest_route=%2Fwp%2Fv2%2Fcomments&post=106"}],"version-history":[{"count":11,"href":"http:\/\/frechen46.de\/index.php?rest_route=\/wp\/v2\/pages\/106\/revisions"}],"predecessor-version":[{"id":1871,"href":"http:\/\/frechen46.de\/index.php?rest_route=\/wp\/v2\/pages\/106\/revisions\/1871"}],"up":[{"embeddable":true,"href":"http:\/\/frechen46.de\/index.php?rest_route=\/wp\/v2\/pages\/2"}],"wp:attachment":[{"href":"http:\/\/frechen46.de\/index.php?rest_route=%2Fwp%2Fv2%2Fmedia&parent=106"}],"curies":[{"name":"wp","href":"https:\/\/api.w.org\/{rel}","templated":true}]}}

<p><strong>1. Vorsitzender</strong></p>
<p>Günther Vianden</p>
<p><strong>2. Vorsitzender</strong></p>
<p>Marcell Kammilla</p>
<p><strong>Geschäftsführer und Kassierer</strong></p>
<p>Bernd Kaule</p>
<p><strong>Sportlicher Leiter</strong></p>
<p>Sascha Raffel</p>
<p><strong>Schriftführer</strong></p>
<p>Karl-Heinz van Nahmen</p>
<p><strong>Beisitzer</strong></p>
<p>Pascal Könen</p>
<p>Peter Metzger</p>
<p>Markus Pütz</p>
<p>Peter Stahlschmidt</p>
<p>Gerd Tempel</p>

<p>1. Vorsitzender Günther Vianden 2. Vorsitzender Marcell Kammilla Geschäftsführer und Kassierer Bernd Kaule Sportlicher Leiter Sascha Raffel Schriftführer Karl-Heinz van Nahmen Beisitzer Pascal Könen Peter Metzger Markus Pütz Peter Stahlschmidt Gerd Tempel</p>
